osite?
True
Let o(w) = -10*w**3 + 10*w**2 + 14*w + 1. Is o(-6) composite?
False
Suppose 7*t = 3*t + 328. Is t composite?
True
Let a(b) = -2 + 2*b - 1 - 4*b. Suppose 2 + 33 = -5*s. Is a(s) composite?
False
Let s(h) = -h**3 - h**2 + h + 9. Let n be s(-8). Let i = -311 + n. Suppose 0*o = -3*o + i. Is o prime?
False
Let d = -1 + 3. Suppose -8 = -x + d*h, 3*x - 3*h = -h + 20. Suppose 2*q = x*q - 28. Is q a composite number?
False
Let n be (-1)/5 + 11/5. Let d be (n/(-5))/((-4)/40). Suppose -d*s + 155 = 3*q, -q + 170 = 5*s - 2*q. Is s a prime number?
False
Suppose 6*g = 8*g + 6. Let r = -12 + -146. Is r/g - 2/(-6) composite?
False
Let j be (3 + -1)*(-65)/(-10). Let q = 60 - j. Is q prime?
True
Let i = 7 + -3. Suppose -3*v + 4*z + 16 = -v, -13 = i*v + z. Is v/(-6) - (-104)/3 a prime number?
False
Let w(n) = -43*n + 2. Let h be w(-11). Let f = h - 140. Is f composite?
True
Suppose 31*w = 34*w - 1347. Is w composite?
False
Let i(a) = -34*a + 16. Let n(p) = -11*p + 5. Let t(w) = 3*i(w) - 10*n(w). Let k be (-5)/(-4) - 9/(-12). Is t(k) composite?
True
Suppose -5*p = -p. Suppose 4*a - 241 = 3*j + 2*j, p = -3*a - j + 176. Is a prime?
True
Let j(s) = -s**3 - 3*s**2 + 4*s + 4. Let x be j(-4). Suppose x*m = 3*m + 53. Is m a prime number?
True
Suppose -4 = -2*j, -2*o - 5*j = 2*o - 86. Let f be 0 + 3 - (-1 - o). Suppose 0 = 3*p - 4*p + f. Is p a composite number?
False
Let p(c) = 13*c**3 + 2*c**2 - 2. Suppose 4*h = h + 9. Is p(h) composite?
False
Let k = 1 - 4. Is k/6 + (-179)/(-2) composite?
False
Let b(p) = -p**2 - 7*p - 6. Let r be b(-5). Suppose r*f = 3*z - 89, -4*f + 70 = 5*z - 89. Is z composite?
False
Let p = -150 - -217. Is p a composite number?
False
Suppose -6*a = -a - 175. Is a composite?
True
Let p(b) = -9*b**2 + 1. Let x be p(2). Let r = 480 + x. Suppose -r = -2*f - 3*z + 2*z, 4*f - 5*z = 897. Is f a composite number?
False
Let t = -842 + 1705. Is t composite?
False
Suppose -3*h + 319 = 2*m, -5*h + 687 + 123 = 5*m. Is m prime?
True
Suppose f = -4*q + 3 + 5, -4*f = 0. Is 1/(-2) - (-21)/q a prime number?
False
Let n be 9/2*18/27. Suppose -5*j + w + 952 = 0, -4*j + 0*j - n*w + 773 = 0. Is j composite?
False
Let k(q) = 16*q**3 - q**2 - 4*q + 4. Is k(3) composite?
True
Let q(g) = 5*g**3 + 2*g**2 + 6*g + 12. Is q(5) a composite number?
True
Let s = 31 + -27. Suppose -4*u - 368 = -2*w, -w + 6*w - 912 = 2*u. Suppose w = s*b + 42. Is b a prime number?
False
Let t be 1 + 15 + (2 - 2). Suppose -7*g + 3*g - t = 0. Is ((-78)/g)/(2/4) prime?
False
Let t = 5 - 8. Let v be 4/(t/(-9)*3). Let u = 5 + v. Is u a prime number?
False
Is 5/(-10)*2 + 2724 a prime number?
False
Let r(c) = c**3 - 3*c**2 + 1. Let o be r(3). Let t = 9 - o. Is ((-19)/4)/((-2)/t) a composite number?
False
Let n(r) = 18*r**3 - 3*r**2 - 7*r + 5. Is n(4) a composite number?
True
Suppose 2*x - 3893 = -403. Is x composite?
True
Suppose 0 = -2*j + 73 + 99. Let m = j + 37. Is m composite?
True
Suppose -4*o + 4*g = 0, 0 = -2*o + 4*g - 9*g. Let h(y) = -y**3 - y**2 + y + 2. Let z be h(o). Suppose 0 = 2*r + z*r - 184. Is r prime?
False
Let g(k) = 6*k**2 - 3*k - k**3 + 0 - 5 + 0*k**3. Is g(4) prime?
False
Let c(p) = -p**2 + 6*p - 1. Let h be c(6). Let w be 3/3 + -1 + -2. Is h/w*-2 + 36 a prime number?
False
Let p be 1 - 0/((-4)/4). Is 53*3*p/3 prime?
True
Is (-4 - 0) + 2 + 451 composite?
False
Suppose 3*f - 6*f + 6999 = 0. Is f prime?
True
Let p(k) be the third derivative of -k**2 + 3/8*k**4 - 1/2*k**3 + 0*k + 0 + 1/60*k**5. Is p(-13) composite?
True
Suppose -2*u = 2*r + 72 - 838, 0 = 4*u - 16. Is r prime?
True
Let z = 4 - 8. Is 21 + z*3/6 prime?
True
Suppose -4*o - 7 = 17. Let l = 61 + o. Is l composite?
True
Let a = -24 - -26. Suppose -2*t = a*o - 1484, -3689 = -5*o + 4*t - 2*t. Is o prime?
True
Is (-7)/(21/(-6)) + 91 a prime number?
False
Suppose -6*a = -3*a - 6. Suppose -3*p - a*p - 70 = 0. Let j = 27 + p. Is j a composite number?
False
Let g = -182 - 1549. Suppose 3*u + 5 = 5*q, 5*u - 3*q + 5*q - 33 = 0. Is g/(-15) + (-2)/u composite?
True
Let y(t) = -t**3 + t + 1. Let w(h) = 41*h**3 + h**2 - 5*h - 5. Let c(j) = w(j) + 5*y(j). Suppose -m - 1 = -2. Is c(m) a composite number?
False
Let i = -54 - -267. Is i prime?
False
Suppose -4*y - g = -27, 0*g - 21 = -y - 5*g. Let c(q) = 2*q**2 + 2*q - 7. Is c(y) prime?
False
Suppose 1153 + 532 = 5*q. Is q prime?
True
Let c(m) = 8*m - 5. Let j(y) = -y**3 + 7*y**2 + 10*y + 4. Let t be j(8). Suppose -3*w + t = w. Is c(w) a composite number?
True
Let w(g) = -5*g**3 + 2*g**2 + 11*g + 11. Is w(-6) composite?
False
Let u(k) = -k**3 - k**2 + 4*k - 1. Let i = -8 + 2. Is u(i) composite?
True
Let h be (0 - (-16)/6)*6. Suppose -p - h = g - 2*g, -p = 4*g + 36. Let a = -9 - p. Is a a prime number?
True
Is (-1 - (-9580)/12) + (-1)/3 a prime number?
True
Suppose 4*y = -0*y + 7968. Is y/15 - 3/(-15) composite?
True
Suppose 0 = -a + 363 - 5. Is a a prime number?
False
Let t(d) = -d + 15. Let s be t(9). Is ((-4)/s)/(4/(-318)) prime?
True
Let i = 8279 - 2524. Is i composite?
True
Is (11/2)/((-13)/(-5486)) prime?
False
Let u(f) = f**3 - 2*f**2 - f + 1693. Is u(0) composite?
False
Let x = -369 + 532. Is x prime?
True
Let u = -80 + 1721. Let y = u - 2323. Is 6/21 + y/(-14) prime?
False
Suppose 4*a + x = -4*x - 2, 3*a - 4*x + 17 = 0. Let s(q) = 23*q**2 - 2*q + 4. Is s(a) composite?
True
Suppose 4*b - 3*b - 5*n - 35 = 0, 29 = 3*b + 4*n. Suppose -b + 0 = -3*j, h + j = 6. Is (h - 0)/((-2)/(-70)) prime?
False
Is (-8)/36 - 4299/(-27) a composite number?
True
Suppose -l = 2*g - 20, g + 55 = 6*g + 5*l. Suppose c - g = -4*v + 3, -3*v + 9 = -c. Suppose c = -z + 13 + 10. Is z prime?
True
Let j = 0 - 4. Is (1595/(-10))/(2/j) composite?
True
Suppose 2*u + 3*r = -2*r + 9, 0 = 3*u - 5*r - 1. Suppose -3*s = -15, 2*s + 3 + 233 = u*m. Is m composite?
True
Let c(n) = 24*n**2 + 7. Is c(3) prime?
True
Suppose -16*v + 1162 = -3750. Is v a prime number?
True
Let x(r) = -r + 259. Let d(p) = p**2 + 6*p - 7. Let w be d(-7). Let g be x(w). Suppose 0 = -5*o + q - 3*q + g, -4*o + 2*q + 218 = 0. Is o prime?
True
Let l(o) = 3*o**2 + 2*o + 2. Let i be l(3). Suppose 5*r + 5 - 39 = -4*f, 3*f - r = i. Is f a composite number?
False
Let c(g) = 3*g**2 - 4*g - 1. Let w be c(3). Let q(f) = 28*f - 2 + 3*f - w*f + 32*f. Is q(3) composite?
True
Suppose 5*x + 9 = -2*f, -f - 3*x - 5 = -0. Let o(j) = -3*j - 3. Let z be o(f). Suppose 2*b + 3*t - 422 = -0*t, -5*b - z*t = -1073. Is b composite?
True
Let z = 7 - 5. Is 0 + 160 - (z - 3) prime?
False
Let a = 19 - -16. Is a a composite number?
True
Suppose 0 = 5*b - 215 - 95. Let j = b - 41. Is j a composite number?
True
Is 2/(21600/(-10805) - -2) composite?
False
Suppose -4*m + 702 = -526. Is m prime?
True
Let f(t) = 42*t**2 - 5*t + 19. Is f(-6) composite?
True
Let c(t) = 20*t**2 - 4*t - 1. Is c(5) a composite number?
False
Let t(d) = 16*d**2 - 3*d + 4. Is t(7) composite?
True
Suppose 1707 = -5*z - f - 105, f - 1084 = 3*z. Let o be z/(-9) - 12/54. Suppose m = 2*m - 3*y - o, -y = 4*m - 134. Is m a composite number?
True
Let z = -224 - -723. Is z a prime number?
True
Suppose -9592 = -h + 5*h. Is h/(-18) - (-4)/(-18) prime?
False
Let o(m) = m - 4. Let q be o(4). Suppose -r - r + 212 = q. Suppose -2*d = -5*g + 457, d + r = 2*g - 76. Is g a prime number?
False
Let m(a) = -a + 5. Let r be m(3). Let h(f) = 3*f**3 + f**2 - 23*f + 9. Let i(k) = -k**3 + 8*k - 3. Let t(g) = 4*h(g) + 11*i(g). Is t(r) composite?
False
Let d = 5724 - 3311. Is d a composite number?
True
Suppose -1512 + 322 = -5*t. Suppose 3*u = 5*y - 595, -4*y + 2*y = 2*u - t. Is y a composite number?
True
Suppose 2*f - 1976 = -2*b, 978 = 2*f - f + 3*b. Is f prime?
False
Suppose -c = 3*u - 2*c - 194, 0 = 4*c - 16. Suppose u - 13 = z. Is z composite?
False
Suppose 5*i + 4*h = 655, -3*i + 234 = -h - 142. Is i composite?
False
Let u = 130 - 238. Let g = -41 - u. Is g composite?
False
Suppose -3*z + 0*z = 27. Is 5 + 3*(-6)/z a prime number?
True
Suppose -2*y - 32 = -2*t - y, -3*t + 61 = 5*y. Let i = 48 - t. Is i a prime number?
True
Suppose 4*o = 7*o - 12. Suppose 508 = 8*z - o*z. Is z a composite number?
False
Let b(m) = 8*m**2 + 7*m + 6. Let i be b(-4). Suppose 5*o - i = 2*p, -5*o - 4*p + 108 = -5*p. Is o a composite number?
True
Let b be -3*(-3 - 1/3). Suppose -5*p + b*p = 3*i - 350, i - 2*p = 117. Is i a prime number?
False
Let r b